*b = 3*j + b - 17, 5*b = -5. Let z be (-4)/8 + 51/j. What is the highest common factor of z and k?
4
Let x(i) = 2 - i**2 + 4 - 4 + 6*i. Let u be x(4). Let a be 9/27 - (-132)/9. What is the highest common factor of u and a?
5
Let q(l) = -l**2 + 9*l + 18. Let k be q(10). Let s be (-1 + k)*6/7. Let x be -90*(s/4)/(-3). Calculate the highest common divisor of 5 and x.
5
Let r be 20*5/20 + 5. Calculate the greatest common factor of r and 125.
5
Let q be (-2)/(-2) - 2/(-3)*9. What is the greatest common divisor of q and 77?
7
Let f(m) = m - 9. Let s be f(11). Let t(g) = -12*g - 2 - 1 - 5*g**2 + 7*g**s. Let y be t(7). Calculate the greatest common factor of 1 and y.
1
Suppose 4*y - 7*y + 7118 = -2*h, 3*h - 15 = 0. What is the highest common factor of y and 88?
88
Let m be 1*-3 - 11/(99/(-126)). Suppose 0 = -v + 23 - 0. Suppose -c - 4*s + 17 = -4*c, 3*c - v = -4*s. What is the highest common factor of c and m?
1
Let a(x) = -22*x + 64. Let g be a(0). Calculate the highest common divisor of 80 and g.
16
Let w(g) = -4 + 2 + 19*g + 0. Let h be w(3). Let p = 338 + -316. Calculate the highest common factor of p and h.
11
Suppose 15 = -8*q + 11*q. Let m be q/10 + (-3)/(-2). Let a be m - (-1 - 54) - 1. Calculate the highest common factor of 140 and a.
28
Let y = 210 + -170. Calculate the highest common factor of y and 5.
5
Let a = -146 + 153. Calculate the highest common divisor of 28 and a.
7
Let s(x) = 3*x + 25. Let k be s(3). Calculate the highest common factor of 68 and k.
34
Suppose 3*o - 1 - 11 = 0, -2*j + 4*o = 6. Let z(p) = p**3 - p**2 - p + 9. Let c be z(j). Calculate the highest common factor of 8 and c.
8
Let c be (10*-2)/(11/22). Let d be 3 + 1 + c/(-4). What is the greatest common factor of 126 and d?
14
Suppose -t - 5*x = -152, 12*t - 2*x - 608 = 8*t. What is the highest common factor of t and 19?
19
Let l = 170 + -62. Let d(b) = b**3 + 4*b**2 - 5*b + 2. Let z be d(-5). Suppose -z*c - m + 9 = -4*m, c - 37 = -5*m. What is the highest common factor of l and c?
12
Let p = 208 - 10. Let v be 39/12 - 2/8. Let n be (1/v)/(9/594). What is the highest common factor of n and p?
22
Suppose -4*x = -0*x. Let g be x*2/(-6) + 1. Let c be g/(-5) - 122/(-10). Calculate the greatest common factor of c and 60.
12
Suppose 4*y - 2*l = 3*y + 13, 37 = 4*y - 5*l. Calculate the highest common divisor of y and 57.
3
Let u = -8 + 7. Let a be u - ((-6)/(-3) + 3). Let i = 0 - a. What is the highest common divisor of i and 4?
2
Let k(p) = -5*p + 102. Let a be k(20). What is the highest common divisor of 3 and a?
1
Suppose 59*c + 900 = 2965. Let s(k) = -k**2 - 9*k + 3. Let u be s(-6). What is the greatest common factor of c and u?
7
Let r be (-1 + 0)/((-7)/49). Let d be 0 - -3 - (2 - 6). Calculate the greatest common factor of d and r.
7
Suppose 5*u = -4*k + 2*k + 29, -2*u = -k + 10. Calculate the greatest common factor of 636 and k.
12
Let t = -982 + 988. What is the highest common divisor of 159 and t?
3
Suppose 0 = 9*y + 193 + 347. Let k be (-2)/(-2) + y/25*-5. Suppose 13 = -3*h + 4*h. What is the highest common factor of h and k?
13
Let u = 781 - 604. Calculate the greatest common divisor of 295 and u.
59
Let g be (-5)/(-2) - 748/(-136). Let m(q) = q**3 - 6*q**2 - 5*q - 2. Let v be m(7). What is the highest common divisor of v and g?
4
Suppose -22*l = -15*l - 252. Suppose 0 = -2*m + 10 + 86. Calculate the highest common factor of m and l.
12
Let r = -79 - -84. Let m be (6/3 - 2) + -20. Let k be ((-4)/m)/((-1)/(-5)). What is the greatest common divisor of k and r?
1
Suppose -12*a = -9*a + 3, -4*v - 4*a + 3176 = 0. What is the highest common divisor of v and 30?
15
Let j be (22/(-3))/(2/(-12)). Let g = -440 - -461. Suppose 0 = -25*k + g*k + j. Calculate the highest common divisor of k and 55.
11
Let t be -2*6/4 - -75. What is the greatest common factor of 396 and t?
36
Suppose 0 = -87*p - 1804 + 14419. Calculate the greatest common divisor of 45 and p.
5
Let v = -251 - -266. Suppose -3*l - 5 = -95. Calculate the highest common factor of l and v.
15
Suppose 1040 = -170*l + 174*l. Calculate the greatest common factor of 100 and l.
20
Suppose f - 50 = -5*g, 10*g - 5*g - 4*f - 50 = 0. Calculate the highest common divisor of 35 and g.
5
Suppose 69 = n - 3*l, -2*n - 35 = l - 180. Suppose 2*f - 24 + 6 = 0. Suppose 4*x + x = o + 39, o = -x + f. Calculate the greatest common factor of x and n.
8
Let z(f) = 2*f**2 - 7*f - 18. Let w be z(13). Let h = -141 + w. Suppose 110 = q + 4*q. What is the highest common divisor of q and h?
22
Let o(v) = v**3 + 5*v**2 + 16*v - 66. Let c be o(3). What is the highest common divisor of c and 66?
6
Let f be 6/9*(-621)/(-6). Calculate the highest common factor of f and 3.
3
Suppose w + n - 3*n = 215, 2*w = -2*n + 430. What is the highest common factor of 43 and w?
43
Let w(r) = 7 - 5 - 5*r - 3*r. Let a be w(-2). Suppose -m + 5*k = -0*m + a, 0 = -4*m + k + 23. Calculate the highest common divisor of 49 and m.
7
Let o be (-36)/(-7)*1*35. Suppose -19*c + 289 + 91 = 0. What is the greatest common divisor of o and c?
20
Let w = -2 + 3. Let p = 2 + w. Suppose p*s - 2 = -5*c, 2*c + 4*s - 3*s = 1. Calculate the greatest common factor of 11 and c.
1
Let n = -43 + 52. Suppose -42 + 18 = -4*a. What is the greatest common factor of a and n?
3
Let a(i) = -i**3 - 7*i**2 + 7*i - 4. Let n be a(-8). Let y(q) = -6*q**2 - 345*q + 218. Let j be y(-58). Calculate the greatest common divisor of j and n.
4
Let w = -67 - -80. Suppose w = 2*i + 3*y - 9, -2*i + 22 = 2*y. Calculate the greatest common divisor of 33 and i.
11
Let p be 6/18 - (-248)/3. Suppose -3*j - 20 + p = 0. What is the highest common factor of 189 and j?
21
Let s = 15 + -10. Calculate the highest common divisor of 150 and s.
5
Let u be 12220/143 + 4 - (-12)/22. Calculate the greatest common factor of 72 and u.
18
Let j = 10 - 3. Let q be 8/(-6 + 2) - -2. Suppose -5*k + 54 = -w - 117, q = -k - 5*w + 55. What is the greatest common factor of k and j?
7
Suppose 8*k - 38 = -14. Let f be (2 - 0) + (41 - -1). Suppose -2*u = 4*g - f, 1 - 20 = -2*u + g. What is the greatest common divisor of u and k?
3
Let g(a) = -5*a - 33. Let x = 7 - 15. Let w be g(x). What is the highest common factor of w and 28?
7
Let i = -1495 - -1972. Calculate the highest common divisor of i and 3.
3
Let d be (-6 - -3)/(2/4). Let c be (-3 + (-9)/d)*-3*2. What is the highest common divisor of 18 and c?
9
Let x(w) = w**2 + 19*w + 34. Let m be x(-17). Suppose 0*n + 3*n - 6 = m, 17 = q - 2*n. Calculate the highest common factor of q and 21.
21
Let v(t) = -t**2 + 19*t + 81. Let l be v(22). Let b(g) = -2*g + 2. Let q be b(-2). Suppose q*k - 150 = 4*k. Calculate the greatest common factor of k and l.
15
Let g(z) = -10*z - 123. Let s be g(-16). What is the greatest common divisor of s and 1?
1
Suppose -x - 13 = x + 5*g, 4*x - 10 = 2*g. Let u be x/(8/90) + 6/8. Calculate the highest common divisor of 156 and u.
12
Let o be (18/(-21))/(3/(-14)). Suppose -14 = -o*p - 2. Calculate the highest common factor of 6 and p.
3
Let k be (0 - 2/(-7)) + (-127751)/(-217). What is the greatest common factor of 57 and k?
19
Suppose 5*n = -4*j + 167, -4*j - 2*n + 38 = -3*j. What is the highest common divisor of 24 and j?
24
Suppose -34*k = -38*k. Suppose k = 3*t + 214 - 790. Calculate the greatest common divisor of t and 24.
24
Let m be ((-140)/6)/((-1)/3). Let x be 0 + -36 + (-3)/(-1). Let d = x - -47. What is the greatest common divisor of d and m?
14
Suppose -2*d - 5*h + 50 = -4*h, -20 = -5*h. Suppose 5*k + 90 = 2*s + d, -147 = -4*s - 3*k. What is the greatest common factor of s and 288?
36
Suppose -223 - 425 = -u. Let d be 20/6*u/30. What is the highest common factor of d and 18?
18
Let p(x) = 9*x**2 - 8*x + 1. Let f be p(3). Suppose d - 6 = -d, -2*d = -4*l + f. Calculate the greatest common factor of 64 and l.
16
Let y be (-444)/(-42) + -3 + (-6)/(-14). Let d(u) = -u**3 - u**2 + 4*u + 2. Let b be d(-3). Calculate the greatest common divisor of y and b.
8
Let x(r) = 26*r**2 - 23*r + 60. Let b be x(6). Calculate the greatest common factor of b and 78.
78
Let s(q) = -q**3 + 5*q**2 + 6*q - 2. Let g be s(6). Let p be (-4)/((-39)/18 - g). What is the greatest common divisor of p and 16?
8
Let t be (5 - (-220)/(-8))*10/(-25). Let i(l) = -l + 10. Let g be i(10). S